tors of 2544.
2, 3, 53
List the prime factors of 1622.
2, 811
What are the prime factors of 2487?
3, 829
What are the prime factors of 658?
2, 7, 47
What are the prime factors of 5383?
7, 769
List the prime factors of 14163.
3, 4721
List the prime factors of 5727.
3, 23, 83
What are the prime factors of 173097?
3, 2137
List the prime factors of 12621.
3, 7, 601
List the prime factors of 51481.
51481
List the prime factors of 6217.
6217
List the prime factors of 14013.
3, 173
List the prime factors of 2881.
43, 67
What are the prime factors of 203?
7, 29
List the prime factors of 7119.
3, 7, 113
What are the prime factors of 1457?
31, 47
What are the prime factors of 15321?
3, 5107
What are the prime factors of 839?
839
List the prime factors of 15366.
2, 3, 13, 197
List the prime factors of 1371.
3, 457
List the prime factors of 7448.
2, 7, 19
What are the prime factors of 925?
5, 37
What are the prime factors of 5833?
19, 307
List the prime factors of 286.
2, 11, 13
What are the prime factors of 143880?
2, 3, 5, 11, 109
What are the prime factors of 4161?
3, 19, 73
List the prime factors of 1322.
2, 661
List the prime factors of 159884.
2, 39971
What are the prime factors of 1718?
2, 859
List the prime factors of 11081.
7, 1583
List the prime factors of 9254.
2, 7, 661
What are the prime factors of 385?
5, 7, 11
List the prime factors of 4609.
11, 419
What are the prime factors of 5415?
3, 5, 19
List the prime factors of 41861.
41, 1021
What are the prime factors of 135?
3, 5
List the prime factors of 2057.
11, 17
What are the prime factors of 2617?
2617
What are the prime factors of 774?
2, 3, 43
What are the prime factors of 2129?
2129
What are the prime factors of 114832?
2, 7177
What are the prime factors of 1077?
3, 359
List the prime factors of 33043.
173, 191
What are the prime factors of 6034?
2, 7, 431
List the prime factors of 66423.
3, 7, 3163
List the prime factors of 3456.
2, 3
What are the prime factors of 16733?
29, 577
What are the prime factors of 1277?
1277
What are the prime factors of 176?
2, 11
List the prime factors of 1770.
2, 3, 5, 59
List the prime factors of 304.
2, 19
List the prime factors of 1699.
1699
List the prime factors of 5236.
2, 7, 11, 17
List the prime factors of 953.
953
List the prime factors of 16364.
2, 4091
List the prime factors of 11501.
7, 31, 53
What are the prime factors of 1000?
2, 5
What are the prime factors of 2300?
2, 5, 23
What are the prime factors of 2123?
11, 193
What are the prime factors of 18418?
2, 9209
What are the prime factors of 1392?
2, 3, 29
List the prime factors of 819.
3, 7, 13
List the prime factors of 56727.
3, 11, 191
What are the prime factors of 101?
101
What are the prime factors of 1117?
1117
List the prime factors of 1897.
7, 271
List the prime factors of 273.
3, 7, 13
What are the prime factors of 1562?
2, 11, 71
What are the prime factors of 5305?
5, 1061
List the prime factors of 166213.
347, 479
List the prime factors of 854.
2, 7, 61
What are the prime factors of 6522?
2, 3, 1087
List the prime factors of 4865.
5, 7, 139
What are the prime factors of 32230?
2, 5, 11, 293
What are the prime factors of 2600?
2, 5, 13
What are the prime factors of 25781?
7, 29, 127
List the prime factors of 4171.
43, 97
List the prime factors of 113259.
3, 19, 1987
What are the prime factors of 40262?
2, 41, 491
What are the prime factors of 10373?
11, 23, 41
List the prime factors of 5404.
2, 7, 193
List the prime factors of 420.
2, 3, 5, 7
What are the prime factors of 5814?
2, 3, 17, 19
What are the prime factors of 3268?
2, 19, 43
List the prime factors of 7743.
3, 29, 89
What are the prime factors of 1863?
3, 23
What are the prime factors of 3181?
3181
What are the prime factors of 3508?
2, 877
What are the prime factors of 191?
191
List the prime factors of 9213.
3, 37, 83
List the prime factors of 189278.
2, 17, 19, 293
List the prime factors of 390.
2, 3, 5, 13
List the prime factors of 16422.
2, 3, 7, 17, 23
What are the prime factors of 433?
433
List the prime factors of 49452.
2, 3, 13, 317
What are the prime factors of 34188?
2, 3, 7, 11, 37
List the prime factors of 121.
11
List the prime factors of 517.
11, 47
What are the prime factors of 3262?
2, 7, 233
List the prime factors of 7655.
5, 1531
What are the prime factors of 3657?
3, 23, 53
What are the prime factors of 2734?
2, 1367
List the prime factors of 2090.
2, 5, 11, 19
What are the prime factors of 30625?
5, 7
What are the prime factors of 1308?
2, 3, 109
What are the prime factors of 1067?
11, 97
What are the prime factors of 322?
2, 7, 23
List the prime factors of 27657.
3, 7, 439
List the prime factors of 15107.
15107
What are the prime factors of 4663?
4663
List the prime factors of 63922.
2, 31, 1031
List the prime factors of 7517.
7517
List the prime factors of 1696.
2, 53
What are the prime factors of 2370?
2, 3, 5, 79
What are the prime factors of 1805?
5, 19
What are the prime factors of 13411?
13411
List the prime factors of 1478.
2, 739
What are the prime factors of 29377?
29, 1013
What are the prime factors of 1365?
3, 5, 7, 13
List the prime factors of 621.
3, 23
List the prime factors of 626.
2, 313
List the prime factors of 293.
293
What are the prime factors of 2042?
2, 1021
List the prime factors of 273.
3, 7, 13
List the prime factors of 102.
2, 3, 17
List the prime factors of 149713.
149713
What are the prime factors of 103827?
3, 53, 653
List the prime factors of 11324.
2, 19, 149
List the prime factors of 6912.
2, 3
List the prime factors of 25332.
2, 3, 2111
List the prime factors of 19225.
5, 769
What are the prime factors of 165?
3, 5, 11
What are the prime factors of 1768?
2, 13, 17
List the prime factors of 127656.
2, 3, 197
What are the prime factors of 10422?
2, 3, 193
What are the prime factors of 22270?
2, 5, 17, 131
What are the prime factors of 8164?
2, 13, 157
List the prime factors of 10868.
2, 11, 13, 19
What are the prime factors of 40341?
3, 7, 17, 113
What are the prime factors of 8345?
5, 1669
What are the prime factors of 4810?
2, 5, 13, 37
What are the prime factors of 78796?
2, 19699
What are the prime factors of 4356?
2, 3, 11
List the prime factors of 38757.
3, 12919
What are the prime factors of 15389?
11, 1399
List the prime factors of 2455.
5, 491
What are the prime factors of 6295?
5, 1259
What are the prime factors of 28?
2, 7
List the prime factors of 10269.
3, 7, 163
List the prime factors of 251.
251
What are the prime factors of 360?
2, 3, 5
What are the prime factors of 293?
293
What are the prime factors of 136775?
5, 5471
What are the prime factors of 5436?
2, 3, 151
List the prime factors of 11747.
17, 691
List the prime factors of 4938.
2, 3, 823
List the prime factors of 4332.
2, 3, 19
List the prime factors of 19627.
19, 1033
What are the prime factors of 87491?
87491
What are the prime factors of 70167?
3, 19, 1231
What are the prime factors of 2164?
2, 541
List the prime factors of 3987.
3, 443
What are the prime factors of 509?
509
List the prime factors of 23140.
2, 5, 13, 89
What are the prime factors of 507?
3, 13
What are the prime factors of 171906?
2, 3, 7, 4093
What are the prime factors of 41569?
11, 3779
List the prime factors of 62630.
2, 5, 6263
List the prime factors of 35100.
2, 3, 5, 13
What are the prime factors of 5548?
2, 19, 73
List the prime factors of 3478.
2, 37, 47
What are the prime factors of 60016?
2, 11, 31
What are the prime factors of 21649?
21649
List the prime factors of 75276.
2, 3, 17, 41
What are the prime factors of 2250?
2, 3, 5
List the prime factors of 19708.
2, 13, 379
What are the prime factors of 6?
2, 3
What are the prime factors of 2127?
3, 709
What are the prime factors of 8373?
3, 2791
What are the prime factors of 2623?
43, 61
What are the prime factors of 32693?
32693
What are the prime factors of 1490?
2, 5, 149
What are the prime factors of 61962?
2, 3, 23, 449
List the prime factors of 1755.
3, 5, 13
What are the prime factors of 21584?
2, 19, 71
List the prime factors of 8757.
3, 7, 139
List the prime factors of 3679.
13, 283
List the prime factors of 715.
5, 11, 13
List the prime factors of 1412.
2, 353
What are the prime factors of 2475?
3, 5, 11
What are the prime factors of 3036?
2, 3, 11,